4221?
4221
In base 14, what is c + 449?
457
In base 6, what is 0 + 14205?
14205
In base 2, what is 1 - -10101?
10110
In base 4, what is -33 + -3?
-102
In base 6, what is 255 - -1?
300
In base 9, what is 1268 - -5?
1274
In base 10, what is -10 - -28?
18
In base 6, what is -4 + -3051?
-3055
In base 9, what is 8677 + 1?
8678
In base 15, what is -3d - -8?
-35
In base 5, what is -3121 - -10?
-3111
In base 8, what is -122 - 34?
-156
In base 4, what is 2 - -221320?
221322
In base 8, what is 11 - -1032?
1043
In base 5, what is 203 + 2?
210
In base 6, what is -12101 - -3?
-12054
In base 7, what is 5 - -145?
153
In base 5, what is -1032 - -4?
-1023
In base 15, what is -20e + 1?
-20d
In base 6, what is 4 - -222?
230
In base 2, what is -100001100 + 1?
-100001011
In base 15, what is 5 + 6d?
73
In base 2, what is -10 + -11010111110?
-11011000000
In base 6, what is 4 - -2?
10
In base 15, what is 38 + 39?
72
In base 3, what is 11 + -10111?
-10100
In base 7, what is -1320 - 0?
-1320
In base 12, what is -1939 + 4?
-1935
In base 6, what is 1205 - 2?
1203
In base 12, what is -10 - 118b?
-119b
In base 16, what is e02b + 5?
e030
In base 11, what is -2212a - -4?
-22126
In base 6, what is 2131 - -1?
2132
In base 3, what is 22 - -10112?
10211
In base 8, what is 4 - 4022?
-4016
In base 13, what is -96 - 9?
-a2
In base 2, what is 1 - -100010?
100011
In base 6, what is -1144 + 5?
-1135
In base 13, what is aab + 0?
aab
In base 12, what is 86b + -2?
869
In base 7, what is 632 + 42?
1004
In base 3, what is 2012 + -11?
2001
In base 3, what is 21 - 100?
-2
In base 2, what is -11111100 - 1101?
-100001001
In base 9, what is 0 + -157?
-157
In base 11, what is -1614 - -1?
-1613
In base 14, what is -4 + 275?
271
In base 6, what is -12035 - -3?
-12032
In base 16, what is -692 + 4?
-68e
In base 3, what is 1021221 - -11?
1022002
In base 7, what is -32106 + -5?
-32114
In base 15, what is -72 + 7?
-6a
In base 16, what is 2 + d7?
d9
In base 5, what is -3021 + 1?
-3020
In base 16, what is -2 + -58?
-5a
In base 12, what is -15a - 4?
-162
In base 6, what is -423 - 5?
-432
In base 13, what is -46 - 4?
-4a
In base 2, what is -10100001110 - 1?
-10100001111
In base 11, what is -3 + 3227?
3224
In base 16, what is -c9 + -1?
-ca
In base 4, what is -10 + 11233?
11223
In base 16, what is -ab6 + 0?
-ab6
In base 13, what is -9 + 4a?
41
In base 16, what is -9 - -2?
-7
In base 16, what is -39b - -1?
-39a
In base 7, what is 12 + -4?
5
In base 9, what is -127 + 5?
-122
In base 14, what is 1 - 11?
-10
In base 10, what is 0 - 314?
-314
In base 9, what is -14222 + -4?
-14226
In base 16, what is a3 - 5?
9e
In base 4, what is 21 + 1130?
1211
In base 15, what is -6 + 72?
6b
In base 10, what is 4 - 966?
-962
In base 10, what is 114 - 3?
111
In base 10, what is -10 + 0?
-10
In base 8, what is -6533 - 0?
-6533
In base 10, what is -11 + 4?
-7
In base 16, what is -319a + 5?
-3195
In base 12, what is b - 51?
-42
In base 13, what is 0 + 128?
128
In base 16, what is -5dec + 4?
-5de8
In base 9, what is -332 - -16?
-315
In base 6, what is -3120 - -5?
-3111
In base 15, what is -1e9 + 5?
-1e4
In base 6, what is -22 + 305?
243
In base 10, what is -19 + 21?
2
In base 9, what is 463 + 5?
468
In base 16, what is -19 - -5?
-14
In base 6, what is 325 - 2?
323
In base 8, what is -1 - 23?
-24
In base 13, what is -640 - -1?
-63c
In base 10, what is 17 + 0?
17
In base 8, what is 45524 + -3?
45521
In base 4, what is -3 + -33?
-102
In base 6, what is 21441 + -1?
21440
In base 4, what is -11 + -1030?
-1101
In base 9, what is -73 - -4?
-68
In base 3, what is 10 - 1201?
-1121
In base 15, what is -12c + 4?
-128
In base 16, what is -66 + 31?
-35
In base 8, what is 47 - 215?
-146
In base 8, what is 3 - -114?
117
In base 9, what is -30 - 15?
-45
In base 13, what is 4 + 96?
9a
In base 16, what is 123 - 3?
120
In base 13, what is c - 7?
5
In base 10, what is 442 - -1?
443
In base 14, what is 1809 - -5?
1810
In base 2, what is 10000100 + 11000?
10011100
In base 3, what is -100212 - 22?
-101011
In base 2, what is 10001111 - -100?
10010011
In base 2, what is 100101010011 - 10?
100101010001
In base 10, what is -4 + 256?
252
In base 16, what is -1 + 6b1?
6b0
In base 14, what is -12 + 3d?
2b
In base 3, what is -102200222 - 11?
-102201010
In base 16, what is -9f - -1c?
-83
In base 11, what is -7 + -7?
-13
In base 2, what is 10010101010 - 100?
10010100110
In base 2, what is 1010010 + -111?
1001011
In base 6, what is 2043 - -10?
2053
In base 5, what is 3 + -410?
-402
In base 10, what is -1 + -4?
-5
In base 7, what is -104 + 22?
-52
In base 9, what is 457 + 3?
461
In base 16, what is -e + 5?
-9
In base 16, what is 7 - 21?
-1a
In base 4, what is 210 - -3?
213
In base 2, what is 111 - 10?
101
In base 12, what is -1713 + 4?
-170b
In base 12, what is 3 - 1031?
-102a
In base 10, what is 18 + 20?
38
In base 10, what is -1 + -1901?
-1902
In base 4, what is -11 + -10?
-21
In base 11, what is 378 - 5?
373
In base 12, what is 4 - 112?
-10a
In base 4, what is -10 - 311322?
-311332
In base 3, what is -20 - -2010?
1220
In base 6, what is 1355 + 10?
1405
In base 14, what is 1 + -720?
-71d
In base 9, what is 3 + -36?
-33
In base 4, what is -11 - 103?
-120
In base 3, what is 10 + -2002?
-1222
In base 6, what is 3 - 2001?
-1554
In base 6, what is 1030 - 24?
1002
In base 15, what is -5 + b4?
ae
In base 7, what is 4 + -154?
-150
In base 11, what is 396 - -22?
408
In base 7, what is 23 - -35?
61
In base 11, what is 2146 - 0?
2146
In base 15, what is -2a + 7?
-23
In base 2, what is 1011110011111 - 1?
1011110011110
In base 5, what is -2 + -133?
-140
In base 6, what is -1125 - -3?
-1122
In base 3, what is -2 - -1121?
1112
In base 8, what is -4 - 73?
-77
In base 11, what is 3 + -360?
-358
In base 9, what is 6 + -132?
-125
In base 4, what is -11031 + -10?
-11101
In base 6, what is -1040 - -15?
-1021
In base 12, what is -5 + -5?
-a
In base 7, what is -5 + 110?
102
In base 3, what is 10 - 21122?
-21112
In base 6, what is 0 + 104?
104
In base 10, what is 3 - -4174?
4177
In base 8, what is 0 - -7623?
7623
In base 9, what is -140 - 1?
-141
In base 14, what is 1 + 46?
47
In base 12, what is 55 + -2?
53
In base 12, what is -15 + 11?
-4
In base 11, what is -2aa - 3?
-302
In base 3, what is -10020 + 112?
-2201
In base 9, what is -15 + -237?
-253
In base 8, what is -3025 - 0?
-3025
In base 2, what is 1011 - 101000000?
-100110101
In base 9, what is -3 + -13?
-16
In base 10, what is 2 - -1454?
1456
In base 16, what is -6bf + 1?
-6be
In base 12, what is -3 + 2325?
2322
In base 9, what is -11 - 0?
-11
In base 13, what is -69 - 2?
-6b
In base 14, what is 16 + 7?
1d
In base 8, what is 0 - 75?
-75
In base 14, what is -25 + -a9?
-d0
In base 9, what is 855 - -3?
858
In base 7, what is 5 - -62?
100
In base 6, what is -23 - -31?
4
In base 13, what is 4464 + -1?
4463
In base 3, what is 100 - 12102?
-12002
In base 3, what is -120 - -22120?
22000
In base 7, what is 1 - 54?
-53
In base 12, what is 1 + -80?
-7b
In base 10, what is -147 + 48?
-99
In base 10, what is 127 + 12?
139
In base 14, what is -7 - 1dd?
-206
In base 13, what is 2b - -2?
30
In base 9, what is 82 + 8?
101
In base 6, what is 512 + 2?
514
In base 14, what is 70c - -5?
713
In base 4, what is -11 - -20313?
20302
In base 13, what is -93 + 5?
-8b
In base 15, what is c - c6?
-b9
In base 15, what is -2a4 + 4?
-2a0
In base 16, what is 1 - -3c?
3d
In base 12, what is -5 - 54?
-59
In base 11, what is -34 - -78?
44
In base 15, what is -26 - 26?
-4c
In base 2, what is -100 + 1010011?
1001111
In base 12, what is -50 + 446?
3b6
In base 12, what is 47 + 2?
49
In base 11, what is 551 + 2?
553
In base 9, what is -24 - -430?
405
In base 16, what is -e8 - -17?
-d1
In base 12, what is -573 + 5?
-56a
In base 16, what is 2ea + 4?
2ee
In base 8, what is -112 + 0?
-112
In base 10, what is -106 - 6?
-112
In base 2, what is 100100100000 + 101?
100100100101
In base 12, what is -35 + -1?
-36
In base 4, what is -1223300 - 10?
-1223310
In base 10, what is 4 + -880?
-876
In base 7, what is 3 - -12011?
12014
In base 2, what is -10 + 10010?
10000
In base 13, what is 5 + -3?
2
In base 14, what is -4 + -1?
-5
In base 8, what is -2 + 71?
67
In base 13, what is 5 - -131?
136
In base 12, what is -5 + 50?
47
In base 11, what is -709 + 0?
-709
In base 16, what is 1404